lse
Is 22 a factor of 6138?
True
Is 1200 a multiple of 50?
True
Does 108 divide 883?
False
Does 20 divide 13557?
False
Is 97 a factor of 776?
True
Does 13 divide 164256?
False
Is 7709 a multiple of 13?
True
Is 3666 a multiple of 7?
False
Does 21 divide 779?
False
Is 6 a factor of 10898?
False
Is 77 a factor of 12150?
False
Is 4620 a multiple of 10?
True
Is 4 a factor of 186?
False
Is 4 a factor of 356?
True
Does 9 divide 2646?
True
Does 16 divide 1114?
False
Does 16 divide 574?
False
Is 65 even?
False
Does 13 divide 65?
True
Does 13 divide 429?
True
Is 208 a factor of 92560?
True
Is 540 a multiple of 54?
True
Does 39 divide 8438?
False
Is 107 a factor of 6634?
True
Does 8 divide 2923?
False
Is 5051 a multiple of 39?
False
Does 65 divide 1186?
False
Is 28 a factor of 3640?
True
Is 13572 a multiple of 67?
False
Does 6 divide 7116?
True
Does 197 divide 45507?
True
Does 13 divide 342?
False
Is 59 a factor of 19647?
True
Is 7 a factor of 3204?
False
Does 72 divide 3599?
False
Is 6 a factor of 234?
True
Is 19 a factor of 277?
False
Is 6 a factor of 1452?
True
Does 91 divide 349?
False
Is 8129 a multiple of 14?
False
Is 477 a multiple of 53?
True
Is 7 a factor of 1204?
True
Does 19 divide 760?
True
Is 66 a multiple of 14?
False
Is 27 a factor of 432?
True
Does 14 divide 40208?
True
Is 2024 even?
True
Is 79 a factor of 76393?
True
Is 212 a factor of 59308?
False
Is 5 a factor of 2554?
False
Is 4365 a multiple of 97?
True
Is 1753 a multiple of 84?
False
Is 7 a factor of 258?
False
Is 5 a factor of 2474?
False
Is 7 a factor of 37815?
False
Does 164 divide 3938?
False
Does 69 divide 378?
False
Is 10398 a multiple of 71?
False
Is 4 a factor of 2486?
False
Is 11 a factor of 25289?
True
Does 43 divide 162?
False
Does 9 divide 1531?
False
Does 12 divide 4440?
True
Does 68 divide 27131?
False
Does 32 divide 3027?
False
Does 77 divide 259?
False
Is 17394 a multiple of 39?
True
Is 69 a factor of 1311?
True
Does 65 divide 585?
True
Is 101859 a multiple of 176?
False
Is 4329 a multiple of 13?
True
Is 861 a multiple of 21?
True
Is 4 a factor of 1996?
True
Is 13 a factor of 4576?
True
Is 9 a factor of 9220?
False
Is 9 a factor of 11124?
True
Is 118 a multiple of 8?
False
Is 50 a factor of 21066?
False
Is 652 a multiple of 4?
True
Does 64 divide 15321?
False
Does 9 divide 4832?
False
Is 7392 a multiple of 22?
True
Is 1680 a multiple of 48?
True
Does 104 divide 306?
False
Does 270 divide 60758?
False
Does 13 divide 649?
False
Does 321 divide 121980?
True
Is 4554 a multiple of 25?
False
Is 303 a multiple of 20?
False
Is 685 a multiple of 28?
False
Does 297 divide 40633?
False
Does 12 divide 949?
False
Is 86 a factor of 112543?
False
Does 87 divide 168271?
False
Is 118 a factor of 18644?
True
Is 1693 a multiple of 8?
False
Does 6 divide 31137?
False
Is 31642 a multiple of 189?
False
Is 88 a factor of 2227?
False
Is 6120 a multiple of 10?
True
Is 8468 a multiple of 7?
False
Is 2142 a multiple of 16?
False
Does 15 divide 1593?
False
Does 6 divide 3453?
False
Does 65 divide 1094?
False
Does 96 divide 1571?
False
Is 3 a factor of 550?
False
Is 1658 a multiple of 2?
True
Is 382 a factor of 119291?
False
Does 9 divide 22?
False
Is 50 a factor of 100?
True
Does 28 divide 168?
True
Is 19 a factor of 6419?
False
Is 8769 a multiple of 79?
True
Does 21 divide 451?
False
Is 7 a factor of 1310?
False
Is 17927 a multiple of 13?
True
Is 83 a factor of 11910?
False
Is 71 a multiple of 2?
False
Does 11 divide 28?
False
Is 24247 a multiple of 13?
False
Does 31 divide 817?
False
Does 10 divide 20?
True
Does 40 divide 1007?
False
Is 30 a factor of 119?
False
Does 107 divide 13247?
False
Does 36 divide 5594?
False
Is 43 a factor of 232?
False
Is 18308 a multiple of 21?
False
Does 344 divide 54782?
False
Is 30 a factor of 1650?
True
Is 16066 a multiple of 42?
False
Is 14568 a multiple of 24?
True
Does 236 divide 52392?
True
Does 74 divide 8732?
True
Does 51 divide 1947?
False
Is 78295 a multiple of 40?
False
Does 37 divide 30124?
False
Does 52 divide 30469?
False
Does 80 divide 2096?
False
Is 29 a factor of 20541?
False
Is 18783 a multiple of 9?
True
Is 45 a factor of 5636?
False
Does 35 divide 1610?
True
Does 23 divide 678?
False
Is 1643 a multiple of 20?
False
Is 5826 a multiple of 113?
False
Does 395 divide 60435?
True
Is 51779 a multiple of 32?
False
Is 30 a factor of 11416?
False
Does 97 divide 4917?
False
Is 10 a factor of 438?
False
Is 42 a factor of 5712?
True
Is 23 a factor of 46?
True
Is 1775 a multiple of 21?
False
Is 1909 a multiple of 18?
False
Is 10 a factor of 27798?
False
Is 72413 a multiple of 29?
True
Does 146 divide 29019?
False
Does 28 divide 3469?
False
Is 37 a factor of 13025?
False
Is 21690 a multiple of 42?
False
Is 14560 a multiple of 70?
True
Is 53290 a multiple of 365?
True
Is 12351 a multiple of 179?
True
Is 11772 a multiple of 36?
True
Is 1544 a multiple of 8?
True
Is 1040 a multiple of 28?
False
Is 6169 a multiple of 109?
False
Does 84 divide 37155?
False
Does 15 divide 837?
False
Does 217 divide 4346?
False
Does 26 divide 20754?
False
Is 865 a multiple of 2?
False
Does 24 divide 39828?
False
Is 9628 a multiple of 58?
True
Is 179 a multiple of 22?
False
Does 12 divide 3593?
False
Is 16869 a multiple of 26?
False
Is 62 a factor of 1178?
True
Is 56 a factor of 1792?
True
Does 11 divide 300?
False
Is 86632 a multiple of 56?
True
Does 6 divide 332?
False
Is 28 a factor of 674?
False
Does 64 divide 7680?
True
Does 21 divide 13041?
True
Is 8 a factor of 1298?
False
Does 8 divide 28072?
True
Is 43 a factor of 603?
False
Is 5679 a multiple of 83?
False
Is 13872 a multiple of 13?
False
Does 68 divide 31101?
False
Is 22 a factor of 2486?
True
Is 18 a factor of 1242?
True
Is 10 a factor of 280?
True
Is 4350 a multiple of 150?
True
Does 10 divide 6111?
False
Is 21 a factor of 561?
False
Is 6 a factor of 2077?
False
Is 515 a multiple of 5?
True
Is 6758 a multiple of 62?
True
Is 59 a factor of 7670?
True
Does 145 divide 203470?
False
Does 9 divide 7173?
True
Is 95 a factor of 36032?
False
Does 5 divide 764?
False
Is 2601 a multiple of 21?
False
Is 625 a multiple of 30?
False
Is 336 a multiple of 6?
True
Is 23 a factor of 7309?
False
Is 5952 a multiple of 16?
True
Does 43 divide 28021?
False
Does 29 divide 638?
True
Is 1873 a multiple of 21?
False
Does 13 divide 468?
True
Is 1032 a multiple of 12?
True
Does 4 divide 300?
True
Does 25 divide 900?
True
Is 24 a factor of 40152?
True
Is 60 a factor of 6960?
True
Is 45 a factor of 10395?
True
Is 4798 a multiple of 42?
False
Is 10 a factor of 12215?
False
Is 243 a factor of 72900?
True
Is 49 a factor of 3427?
False
Does 35 divide 2661?
False
Is 16 a factor of 12160?
True
Does 30 divide 11490?
True
Does 6 divide 1653?
False
Does 27 divide 621?
True
Does 147 divide 26754?
True
Is 89 a factor of 2130?
False
Is 36646 a multiple of 178?
False
Is 61 a factor of 9584?
False
Is 12 a factor of 481?
False
Is 100620 a multiple of 65?
True
Is 314 a factor of 101887?
False
Does 28 divide 44441?
False
Is 15 a factor of 224?
False
Is 155000 a multiple of 200?
True
Is 23 a factor of 152536?
True
Is 28952 a multiple of 140?
False
Does 26 divide 64714?
True
Is 9086 a multiple of 31?
False
Does 40 divide 2160?
True
Does 72 divide 15870?
False
Is 680 a multiple of 10?
True
Does 175 divide 2878?
False
Does 15 divide 8982?
False
Is 54 a multiple of 27?
True
Is 18348 a multiple of 10?
False
Does 10 divide 550?
True
Is 39673 a multiple of 52?
False
Does 78 divide 5382?
True
Is 209 a factor of 10032?
True
Does 4 divide 7082?
False
Does 32 divide 128?
True
Is 9715 a multiple of 14?
False
Does 7 divide 602?
True
Does 131 divide 1572?
True
Is 14 a factor of 709?
False
Is 227 a factor of 28602?
True
Is 8415 a multiple of 255?
True
Does 58 divide 2088?
True
Is 76 a factor of 13452?
True
Is 68 a factor of 7456?
False
Is 25 a factor of 1041?
False
Is 2 a factor of 188?
True
Is 12 a factor of 63?
False
Is 75922 a multiple of 14?
True
Does 6 divide 1210?
False
Is 32 a factor of 95?
False
Is 35 a factor of 898?
False
Does 171 divide 6720?
False
Is 92 a factor of 15636?
False
Is 286 a multiple of 14?
False
Is 5686 a multiple of 33?
False
Is 18 a factor of 590?
False
Is 12738 a multiple of 66?
True
Is 5 a factor of 22011?
False
Does 77 divide 2156?
True
Is 13532 